/((14/(-21))/(1/3))?
8
Let y(v) = -v**3 + 4*v**2 + 5*v - 5. Let z be y(4). Suppose z = -j + 4*j. What is the units digit of j?
5
Let p(b) = -b**3 + 7*b**2 + 7*b + 10. Let r be p(8). Suppose -22 = -r*h + h. Let c = h - 15. What is the units digit of c?
7
Let x(c) = -c**3 + 13*c**2 - 14*c + 17. Let h be x(12). Let i(z) = -z + 11. What is the tens digit of i(h)?
1
Let q(k) = k**2 - 5*k - 3. Let d be q(8). What is the units digit of (-2)/2 + d + -1?
9
Let r = 0 - -2. Suppose 3*g + 120 = -r*g. What is the units digit of (g - -2)/(-2) + -1?
0
Let z be (2/(-4))/(1/2). Let s be (210/2)/(-3)*z. Suppose -5*x + s = -0*x. What is the units digit of x?
7
Suppose -5*p + l + 18 = 0, -4*p - 2*l = 2*l. What is the tens digit of p/(4/48 + 0)?
3
Suppose -2*u - 28 = c, -u - 2*c - 6 - 8 = 0. Let z = 23 + u. What is the units digit of z?
9
Suppose -q + 2 = -0. Suppose -4*h + 14 = j + q*j, -4*h = 2*j - 16. What is the units digit of h?
5
Suppose 5*q = f - 36, 5*f - 4*q = -3*q + 156. What is the units digit of f?
1
Let t(j) = j**3 + 4*j - 4*j + j**2. Let l be t(3). Suppose -3*k - s = 3*s - l, 4*s + 24 = 2*k. What is the units digit of k?
2
Let a = 7 + -4. Suppose -v = -a + 2. What is the units digit of v?
1
Let o = -47 + 85. What is the tens digit of o?
3
Suppose 4*w + 28 = 4*g, -4*w = -5*g + 26 + 4. Suppose -g*b + 3*m = 8*m - 32, 0 = 4*b + 2*m - 48. What is the units digit of b?
1
Let f be -2 + (2 - 1)*-2. Let w be (-2)/f*-2 + -1. What is the units digit of 8 - w*1/(-2)?
7
What is the tens digit of 200 - (-5 + 4 + 2)?
9
Suppose 7 = -2*h - 1. Let m = 4 + h. Let a = 5 - m. What is the units digit of a?
5
Suppose 0 = -2*u - 4*z - 16, -4*u = -4*z + 80 - 24. What is the units digit of (-22)/(-3)*(-18)/u?
1
Let m(x) = -x**3 + 7*x**2 + 2*x + 6. What is the tens digit of m(4)?
6
Suppose 2*w - 2 = 8. Suppose -w*l + 4*u = -36, 4*u = l - 2*l - 12. What is the units digit of l*(-1)/(4/(-2))?
2
Suppose -2*q + 3*q + 7 = 0. Let w = -6 + q. Let g = 2 - w. What is the tens digit of g?
1
Let r(t) = -12*t - 6. What is the tens digit of r(-10)?
1
Let n(y) = -4*y**3 + y**2 - y + 3. What is the units digit of n(-3)?
3
Suppose 0 = -n - 3*d - 2*d - 5, -d = -2*n - 32. Let l = n + 9. Let t = l + 18. What is the units digit of t?
2
Let l(d) = 3*d - 3. Suppose -h - 2*h = -15. What is the tens digit of l(h)?
1
What is the units digit of 0 + 3*(-40)/(-4)?
0
Suppose -x = -h - 224, 5*x - 3*h = -0*h + 1114. What is the tens digit of x?
2
Let a(j) = -2*j**3 - 3*j**2 + 4*j. Let g be a(-3). Suppose -6*u - g = -u. Let t(x) = -x + 4. What is the units digit of t(u)?
7
Let k be (-127)/6 + (-4)/(-24). Let t = -12 - k. Let i = t - 4. What is the units digit of i?
5
Suppose -5*o = -5*n + 35, 2*n = -2*o - 0*o - 10. What is the units digit of (-99)/o*(-2)/(-3)?
1
Suppose 4*g - 270 = -g. What is the units digit of g?
4
Suppose -4*g - 24 = -10*g. Suppose 4*h = g, -h + 56 = 2*j - 3. What is the tens digit of j?
2
Let o be 6/(1/(3/6)). Suppose 3*y = -0*y + 5*f - 11, -5*f = -20. Suppose -4 = -4*j, -y*h + o*j = -0*j - 3. What is the units digit of h?
2
Let r(g) = -g**2 + 8*g + 5. Suppose -2 = -2*i - 4. Let w = 9 + i. What is the units digit of r(w)?
5
Let g(b) = -b - 4. Let p be g(6). Let i = p - -17. What is the units digit of i?
7
Suppose 5*t - 3*t = 28. Let o be 102/t - (-2)/(-7). Suppose -3*c + o*c = 16. What is the units digit of c?
4
Suppose 6 = 4*u - 2. Let q be ((-12)/(-8))/(u/(-12)). What is the units digit of 4*(q/(-6) + 0)?
6
Let y(i) = -i - 7. Let v be y(-4). What is the units digit of 0 + v + 1 - -25?
3
Suppose -2*a + 8 = -0*a. Let b be ((-414)/(-161))/(1 + (-6)/7). Suppose 2*f - 19 = -f + 2*r, 2*f - b = -a*r. What is the units digit of f?
7
Suppose 5*k = 17 + 13. Let x be -1*(-2)/((-10)/(-5)). Suppose -x = t - k. What is the units digit of t?
5
Let v(b) = -b**2 + 6*b - 2. Let t be v(5). Let a = t - -2. What is the units digit of a?
5
Let g be -1 + 2 + -1 + 3. Let d be (3 - -1)*(-4 + g). What is the units digit of (28/35)/(d/(-30))?
6
What is the units digit of -5 - -2 - 0 - -16?
3
Let o = 14 + -9. Let t = -23 - -50. Suppose -o*i + 13 = -t. What is the units digit of i?
8
Suppose 0 = a + 3*u - 151, -4*a = -6*u + u - 587. What is the hundreds digit of a?
1
Let o(f) be the first derivative of 3*f**2/2 - 4*f + 1. What is the units digit of o(5)?
1
Let a = 2 - 1. What is the units digit of a?
1
Let p(v) = 0*v**2 + 5*v**2 + 3 + 2*v**2 - 2 + 2*v. Let t(o) = 2*o + 1. Let r be t(-1). What is the units digit of p(r)?
6
Let v = -14 + 42. What is the units digit of v?
8
Let p be 158/14 + (-2)/7. Let w = -8 + p. Suppose -w*b = -0*b - 12. What is the units digit of b?
4
Suppose h = 8 - 3. Let m = 3 - 1. Let c = h - m. What is the units digit of c?
3
Let t(p) = -2*p**3 - 6*p**2 - 3*p. What is the tens digit of t(-4)?
4
Suppose 5*z = -137 + 17. What is the units digit of 1/(-2) + (-180)/z?
7
Suppose -2*v - 5*p = -0*p - 115, 5*p = 25. What is the units digit of v?
5
Let v(m) = m**3 - 9*m**2 - 10*m. Suppose -5*k + z = -50, 0 = -4*k - 0*z + 4*z + 40. Let t be v(k). Suppose 4*o - 32 = -t*o. What is the units digit of o?
8
Let n(f) = -9*f**3 + 2*f**2 - 4*f + 10. Let d(x) = 8*x**3 - 2*x**2 + 4*x - 9. Let h(b) = 7*d(b) + 6*n(b). What is the units digit of h(2)?
3
Suppose -6 = -2*i - 0*i. Suppose -f + 7 = 4*z, i*f - 3*z = -0*z + 6. What is the units digit of f?
3
Let p(l) = -l**3 - 5*l**2 - 6*l - 4. Let f be p(-4). Suppose -f*a + 14 = -6. What is the units digit of a?
5
Let m be (196/(-1))/(-2 + 0). Let y = m - 58. What is the tens digit of y?
4
Let f(b) = -b**2 - 6*b - 1. Let m be f(-3). Let a = m + -5. What is the units digit of a?
3
Suppose -k - 128 = -3*k. Suppose 2*b = 6*b - k. Suppose 0 = -3*r + r + b. What is the units digit of r?
8
Let y(k) = k**2 - 3*k - 2. Let l be y(3). Let m be 9 + l - 2 - 0. Suppose 5*x = c + 2*c + 4, 0 = -m*c - 2*x + 14. What is the units digit of c?
2
Let c(f) = 12*f**3 + 1. Let i be c(-1). Let l = i - -75. Suppose 4*a - l = -0*a. What is the units digit of a?
6
Let n(w) = -w**3 + 23*w**2 + 27*w - 31. What is the units digit of n(24)?
1
Let l(g) = 9*g**2 - 2*g - 2. Let o be l(2). Let j = o + -16. What is the tens digit of j?
1
Let o = 85 + -2. Suppose 3*a = -5*k + 2*a + o, a + 45 = 3*k. What is the tens digit of k?
1
Suppose 410 = 12*h - 7*h. Suppose -3*d + 108 = -2*z + 3*z, 2*d - h = -4*z. What is the tens digit of d?
3
Let l = 11 + -6. What is the units digit of l?
5
Let z = 7 + -4. Suppose -2*t - 4*f = -38, 5*t + z*f + 3 - 77 = 0. What is the units digit of t?
3
Let w be 1/(1*(-3)/(-9)). What is the tens digit of -24*(-1 - w/(-9))?
1
Let g(a) = a**3 + a + 2. Let x be (-4 + 4)*1/(-2). Let d be g(x). Let z = d - 0. What is the units digit of z?
2
Let j(p) = -p**2 + 12*p - 12. Let u be j(10). Suppose -o = -22 - u. What is the tens digit of o?
3
Let b = 469 + -122. What is the units digit of b?
7
Suppose 20 = -c - 2*j, -4*c - 14 = j + 31. What is the units digit of c/4*30/(-75)?
1
What is the tens digit of -1 - (1088 - 0)/(-4) - 4?
6
Suppose 0*f + 4*f + 16 = 0. Let b be 26/7 + f/(-14). Suppose -b*j + 3*j = -5*s - 30, 3*s + 35 = 4*j. What is the units digit of j?
5
Let z(j) = 0*j + 0*j + 2*j - 2. Suppose 4*i - 16 = -0*i. What is the units digit of z(i)?
6
Suppose -6*b + 444 = -2*b. What is the hundreds digit of b?
1
Suppose -z - 3*z = 0. Suppose z*g = -2*g + 8. Suppose 4*v - g*f = 0, 2*f - 4*f = 2*v - 16. What is the units digit of v?
4
Let p(u) = u**2 - 4*u - 1. Let s be p(6). Let v = -3 + s. What is the units digit of v?
8
Let s = 4 + 4. Suppose 4*x - 5*y - 64 = 0, -2*x - y + 10 = -s. What is the units digit of x?
1
Let x(u) = -u**2 + 1. What is the units digit of x(0)?
1
Let n = 6 + -2. What is the units digit of n?
4
Suppose 0 = -u + 4*t - 8*t + 20, 5*u - 36 = -4*t. Suppose 0 = -7*j + 3*j + u*s - 16, j - 8 = -3*s. Let a(i) = 7*i**2 - i - 1. What is the units digit of a(j)?
7
Let l(p) = p**2 + 11*p + 12. Let m = -4 + -7. What is the tens digit of l(m)?
1
Let q(j) = -3 + 0*j + 1 + 5*j + 2*j. What is the units digit of q(1)?
5
Let o = 157 - 80. What is the tens digit of o?
7
Let x = 22 + -7. What is the units digit of (9/x)/(2/30)?
9
Let y = 10 + -16. Let j be ((-3)/(-6))/(3/y). What is the tens digit of (5 - 3) + j + 11?
1
Let s be (1 + -2)*(-2 + -1). Suppose -s = -7*y + 4*y. What is the 